{"id":93,"date":"2015-03-13T11:55:31","date_gmt":"2015-03-13T16:55:31","guid":{"rendered":"http:\/\/penaherrerayasociados.com\/wordpress\/?post_type=product&#038;p=93"},"modified":"2016-01-25T12:16:27","modified_gmt":"2016-01-25T17:16:27","slug":"consulta-personas-naturales-laboral","status":"publish","type":"product","link":"http:\/\/penaherrerayasociados.com\/wordpress\/?product=consulta-personas-naturales-laboral","title":{"rendered":"Consultas laborales"},"content":{"rendered":"<p>En caso de que la respuesta a la consulta planteada sea demasiado extensa, se le enviar\u00e1 un mensaje indicando que deber\u00e1 contactarse directamente con nosotros y acordar una consultor\u00eda presencial, por lo tanto el servicio por consultor\u00eda on-line no ser\u00e1 cobrado.<\/p>\n","protected":false},"excerpt":{"rendered":"<p>En caso de que la respuesta a la consulta planteada sea demasiado extensa, se le enviar\u00e1 un mensaje indicando que deber\u00e1 contactarse directamente con nosotros y acordar una consultor\u00eda presencial, por lo tanto el servicio por consultor\u00eda on-line no ser\u00e1 cobrado.<\/p>\n","protected":false},"featured_media":165,"comment_status":"closed","ping_status":"closed","template":"","meta":[],"product_cat":[21],"product_tag":[],"class_list":{"0":"post-93","1":"product","2":"type-product","3":"status-publish","4":"has-post-thumbnail","6":"product_cat-no-obligados-contabilidad","7":"post-seq-1","8":"post-parity-odd","9":"meta-position-line-bottom","10":"post","11":"fix","13":"first","14":"instock","15":"taxable","16":"shipping-taxable","17":"purchasable","18":"product-type-simple"},"_links":{"self":[{"href":"http:\/\/penaherrerayasociados.com\/wordpress\/index.php?rest_route=\/wp\/v2\/product\/93"}],"collection":[{"href":"http:\/\/penaherrerayasociados.com\/wordpress\/index.php?rest_route=\/wp\/v2\/product"}],"about":[{"href":"http:\/\/penaherrerayasociados.com\/wordpress\/index.php?rest_route=\/wp\/v2\/types\/product"}],"replies":[{"embeddable":true,"href":"http:\/\/penaherrerayasociados.com\/wordpress\/index.php?rest_route=%2Fwp%2Fv2%2Fcomments&post=93"}],"wp:featuredmedia":[{"embeddable":true,"href":"http:\/\/penaherrerayasociados.com\/wordpress\/index.php?rest_route=\/wp\/v2\/media\/165"}],"wp:attachment":[{"href":"http:\/\/penaherrerayasociados.com\/wordpress\/index.php?rest_route=%2Fwp%2Fv2%2Fmedia&parent=93"}],"wp:term":[{"taxonomy":"product_cat","embeddable":true,"href":"http:\/\/penaherrerayasociados.com\/wordpress\/index.php?rest_route=%2Fwp%2Fv2%2Fproduct_cat&post=93"},{"taxonomy":"product_tag","embeddable":true,"href":"http:\/\/penaherrerayasociados.com\/wordpress\/index.php?rest_route=%2Fwp%2Fv2%2Fproduct_tag&post=93"}],"curies":[{"name":"wp","href":"https:\/\/api.w.org\/{rel}","templated":true}]}}