{"id":68,"date":"2015-03-13T09:43:47","date_gmt":"2015-03-13T14:43:47","guid":{"rendered":"http:\/\/penaherrerayasociados.com\/wordpress\/?page_id=68"},"modified":"2016-11-10T01:26:57","modified_gmt":"2016-11-10T06:26:57","slug":"servicios","status":"publish","type":"page","link":"http:\/\/penaherrerayasociados.com\/wordpress\/?page_id=68","title":{"rendered":"Servicios"},"content":{"rendered":"<p style=\"text-align: justify;\"><a href=\"http:\/\/penaherrerayasociados.com\/wordpress\/wp-content\/uploads\/2015\/03\/Servicios2.jpg\"><img loading=\"lazy\" decoding=\"async\" class=\" size-medium wp-image-427 alignright\" src=\"http:\/\/penaherrerayasociados.com\/wordpress\/wp-content\/uploads\/2015\/03\/Servicios2-300x200.jpg\" alt=\"servicios\" width=\"300\" height=\"200\" srcset=\"http:\/\/penaherrerayasociados.com\/wordpress\/wp-content\/uploads\/2015\/03\/Servicios2-300x200.jpg 300w, http:\/\/penaherrerayasociados.com\/wordpress\/wp-content\/uploads\/2015\/03\/Servicios2-600x400.jpg 600w, http:\/\/penaherrerayasociados.com\/wordpress\/wp-content\/uploads\/2015\/03\/Servicios2-30x20.jpg 30w, http:\/\/penaherrerayasociados.com\/wordpress\/wp-content\/uploads\/2015\/03\/Servicios2-350x233.jpg 350w, http:\/\/penaherrerayasociados.com\/wordpress\/wp-content\/uploads\/2015\/03\/Servicios2-250x167.jpg 250w, http:\/\/penaherrerayasociados.com\/wordpress\/wp-content\/uploads\/2015\/03\/Servicios2-96x64.jpg 96w, http:\/\/penaherrerayasociados.com\/wordpress\/wp-content\/uploads\/2015\/03\/Servicios2.jpg 626w\" sizes=\"(max-width: 300px) 100vw, 300px\" \/><\/a>Como asesores nos preocupamos por tener una total comprensi\u00f3n de las operaciones internas y externas de nuestro cliente, que asociada a nuestro conocimiento nos permiten identificar y proporcionar soluciones a los problemas de negocios compa\u00f1\u00edas y personas que conf\u00edan en nosotros.<\/p>\n<ul>\n<li style=\"text-align: justify;\"><a title=\"Asesor\u00eda empresarial\" href=\"http:\/\/penaherrerayasociados.com\/wordpress\/?page_id=40\">Control Adminitrativo Empresarial<\/a><\/li>\n<li style=\"text-align: justify;\"><a title=\"Outsourcing\" href=\"http:\/\/penaherrerayasociados.com\/wordpress\/?page_id=42\">Outsourcing<\/a><\/li>\n<\/ul>\n<p><span style=\"color: #0000ff;\"><a style=\"color: #0000ff;\" title=\"Inicio\" href=\"http:\/\/penaherrerayasociados.com\/wordpress\/\"><strong>&lt;&lt;Inicio<\/strong><\/a><\/span><\/p>\n","protected":false},"excerpt":{"rendered":"<p>Como asesores nos preocupamos por tener una total comprensi\u00f3n de las operaciones internas y externas de nuestro cliente, que asociada a nuestro conocimiento nos permiten identificar y proporcionar soluciones a los problemas de negocios compa\u00f1\u00edas y personas que conf\u00edan en nosotros. Control Adminitrativo Empresarial Outsourcing &lt;&lt;Inicio<\/p>\n","protected":false},"author":1,"featured_media":0,"parent":0,"menu_order":3,"comment_status":"closed","ping_status":"closed","template":"no-sidebars.php","meta":{"footnotes":""},"class_list":["post-68","page","type-page","status-publish","hentry","post-seq-1","post-parity-odd","meta-position-line-bottom","fix"],"_links":{"self":[{"href":"http:\/\/penaherrerayasociados.com\/wordpress\/index.php?rest_route=\/wp\/v2\/pages\/68"}],"collection":[{"href":"http:\/\/penaherrerayasociados.com\/wordpress\/index.php?rest_route=\/wp\/v2\/pages"}],"about":[{"href":"http:\/\/penaherrerayasociados.com\/wordpress\/index.php?rest_route=\/wp\/v2\/types\/page"}],"author":[{"embeddable":true,"href":"http:\/\/penaherrerayasociados.com\/wordpress\/index.php?rest_route=\/wp\/v2\/users\/1"}],"replies":[{"embeddable":true,"href":"http:\/\/penaherrerayasociados.com\/wordpress\/index.php?rest_route=%2Fwp%2Fv2%2Fcomments&post=68"}],"version-history":[{"count":0,"href":"http:\/\/penaherrerayasociados.com\/wordpress\/index.php?rest_route=\/wp\/v2\/pages\/68\/revisions"}],"wp:attachment":[{"href":"http:\/\/penaherrerayasociados.com\/wordpress\/index.php?rest_route=%2Fwp%2Fv2%2Fmedia&parent=68"}],"curies":[{"name":"wp","href":"https:\/\/api.w.org\/{rel}","templated":true}]}}