{"id":59,"date":"2015-03-12T14:16:34","date_gmt":"2015-03-12T19:16:34","guid":{"rendered":"http:\/\/penaherrerayasociados.com\/wordpress\/?page_id=59"},"modified":"2016-09-05T12:45:15","modified_gmt":"2016-09-05T17:45:15","slug":"carro","status":"publish","type":"page","link":"http:\/\/penaherrerayasociados.com\/wordpress\/?page_id=59","title":{"rendered":"Carro"},"content":{"rendered":"<div class=\"woocommerce\"><div class=\"woocommerce-notices-wrapper\"><\/div><div class=\"wc-empty-cart-message\">\n\t<div class=\"cart-empty woocommerce-info\">\n\t\tTu carrito est\u00e1 vac\u00edo.\t<\/div>\n<\/div>\t<p class=\"return-to-shop\">\n\t\t<a class=\"button wc-backward\" href=\"http:\/\/penaherrerayasociados.com\/wordpress\/?page_id=82\">\n\t\t\tVolver a la tienda\t\t<\/a>\n\t<\/p>\n<\/div>\n<p><strong>\u00a1Su producto se a\u00f1adi\u00f3 correctamente!<\/strong><\/p>\n<p>En cuanto realice su pedido recibir\u00e1 un correo el\u00e9ctr\u00f3nico con los datos de su orden.<\/p>\n<p><span style=\"color: #0000ff;\"><strong><a style=\"color: #0000ff;\" title=\"Consultor\u00eda On-line\" href=\"http:\/\/penaherrerayasociados.com\/wordpress\/?page_id=82\">&lt;&lt;Regresar a Consultas On-line<\/a><\/strong><\/span><\/p>\n","protected":false},"excerpt":{"rendered":"<p>\u00a1Su producto se a\u00f1adi\u00f3 correctamente! En cuanto realice su pedido recibir\u00e1 un correo el\u00e9ctr\u00f3nico con los datos de su orden. &lt;&lt;Regresar a Consultas On-line<\/p>\n","protected":false},"author":1,"featured_media":0,"parent":0,"menu_order":0,"comment_status":"closed","ping_status":"closed","template":"","meta":{"footnotes":""},"class_list":["post-59","page","type-page","status-publish","hentry","post-seq-1","post-parity-odd","meta-position-line-bottom","fix"],"_links":{"self":[{"href":"http:\/\/penaherrerayasociados.com\/wordpress\/index.php?rest_route=\/wp\/v2\/pages\/59"}],"collection":[{"href":"http:\/\/penaherrerayasociados.com\/wordpress\/index.php?rest_route=\/wp\/v2\/pages"}],"about":[{"href":"http:\/\/penaherrerayasociados.com\/wordpress\/index.php?rest_route=\/wp\/v2\/types\/page"}],"author":[{"embeddable":true,"href":"http:\/\/penaherrerayasociados.com\/wordpress\/index.php?rest_route=\/wp\/v2\/users\/1"}],"replies":[{"embeddable":true,"href":"http:\/\/penaherrerayasociados.com\/wordpress\/index.php?rest_route=%2Fwp%2Fv2%2Fcomments&post=59"}],"version-history":[{"count":0,"href":"http:\/\/penaherrerayasociados.com\/wordpress\/index.php?rest_route=\/wp\/v2\/pages\/59\/revisions"}],"wp:attachment":[{"href":"http:\/\/penaherrerayasociados.com\/wordpress\/index.php?rest_route=%2Fwp%2Fv2%2Fmedia&parent=59"}],"curies":[{"name":"wp","href":"https:\/\/api.w.org\/{rel}","templated":true}]}}