{"id":149,"date":"2015-03-14T09:15:26","date_gmt":"2015-03-14T14:15:26","guid":{"rendered":"http:\/\/penaherrerayasociados.com\/wordpress\/?page_id=149"},"modified":"2016-09-14T10:31:03","modified_gmt":"2016-09-14T15:31:03","slug":"inicia","status":"publish","type":"page","link":"http:\/\/penaherrerayasociados.com\/wordpress\/","title":{"rendered":"Inicio"},"content":{"rendered":"<p style=\"text-align: justify;\"><a href=\"http:\/\/penaherrerayasociados.com\/wordpress\/wp-content\/uploads\/2015\/03\/Inicio1.jpg\"><img loading=\"lazy\" decoding=\"async\" class=\"  wp-image-194 alignright\" src=\"http:\/\/penaherrerayasociados.com\/wordpress\/wp-content\/uploads\/2015\/03\/Inicio1.jpg\" alt=\"Inicio\" width=\"77\" height=\"120\" srcset=\"http:\/\/penaherrerayasociados.com\/wordpress\/wp-content\/uploads\/2015\/03\/Inicio1.jpg 75w, http:\/\/penaherrerayasociados.com\/wordpress\/wp-content\/uploads\/2015\/03\/Inicio1-19x30.jpg 19w, http:\/\/penaherrerayasociados.com\/wordpress\/wp-content\/uploads\/2015\/03\/Inicio1-62x96.jpg 62w\" sizes=\"(max-width: 77px) 100vw, 77px\" \/><\/a><\/p>\n<p style=\"text-align: justify;\">Somos una empresa dedicada a brindar servicios de\u00a0<strong><a title=\"Asesor\u00eda empresarial\" href=\"http:\/\/penaherrerayasociados.com\/wordpress\/?page_id=40\">control interno administrativo<\/a><\/strong> y <strong><a title=\"Outsourcing\" href=\"http:\/\/penaherrerayasociados.com\/wordpress\/?page_id=42\">outsourcing<\/a><\/strong> empresarial de calidad, preocup\u00e1ndonos siempre por la entera satisfacci\u00f3n de nuestros clientes. Para ello contamos con personal de experiencia probada con m\u00e1s de 10 a\u00f1os en el desempe\u00f1o de sus actividades profesionales.<\/p>\n","protected":false},"excerpt":{"rendered":"<p>Somos una empresa dedicada a brindar servicios de\u00a0control interno administrativo y outsourcing empresarial de calidad, preocup\u00e1ndonos siempre por la entera satisfacci\u00f3n de nuestros clientes. Para ello contamos con personal de experiencia probada con m\u00e1s de 10 a\u00f1os en el desempe\u00f1o de sus actividades profesionales.<\/p>\n","protected":false},"author":1,"featured_media":0,"parent":0,"menu_order":0,"comment_status":"closed","ping_status":"closed","template":"no-sidebars.php","meta":{"footnotes":""},"class_list":["post-149","page","type-page","status-publish","hentry","post-seq-1","post-parity-odd","meta-position-line-bottom","fix"],"_links":{"self":[{"href":"http:\/\/penaherrerayasociados.com\/wordpress\/index.php?rest_route=\/wp\/v2\/pages\/149"}],"collection":[{"href":"http:\/\/penaherrerayasociados.com\/wordpress\/index.php?rest_route=\/wp\/v2\/pages"}],"about":[{"href":"http:\/\/penaherrerayasociados.com\/wordpress\/index.php?rest_route=\/wp\/v2\/types\/page"}],"author":[{"embeddable":true,"href":"http:\/\/penaherrerayasociados.com\/wordpress\/index.php?rest_route=\/wp\/v2\/users\/1"}],"replies":[{"embeddable":true,"href":"http:\/\/penaherrerayasociados.com\/wordpress\/index.php?rest_route=%2Fwp%2Fv2%2Fcomments&post=149"}],"version-history":[{"count":0,"href":"http:\/\/penaherrerayasociados.com\/wordpress\/index.php?rest_route=\/wp\/v2\/pages\/149\/revisions"}],"wp:attachment":[{"href":"http:\/\/penaherrerayasociados.com\/wordpress\/index.php?rest_route=%2Fwp%2Fv2%2Fmedia&parent=149"}],"curies":[{"name":"wp","href":"https:\/\/api.w.org\/{rel}","templated":true}]}}